3b8?
3a8
In base 10, what is 58302 + -2?
58300
In base 12, what is -1 + 6855?
6854
In base 6, what is 252112 + -25?
252043
In base 10, what is -29 + 2021?
1992
In base 3, what is 1121120 + 2?
1121122
In base 4, what is -21233 - -1003?
-20230
In base 15, what is -a + ecac?
eca2
In base 7, what is -3 - 245160?
-245163
In base 9, what is 7 - -227667?
227675
In base 16, what is -5 + 251b7?
251b2
In base 14, what is -4 + 7372d?
73729
In base 13, what is -1 + c0164?
c0163
In base 10, what is -511 + -127?
-638
In base 16, what is a - 364c6?
-364bc
In base 11, what is -7201 - 399?
-759a
In base 14, what is -1 - -820?
81d
In base 15, what is -67 + -112?
-179
In base 13, what is 68513 - 22?
684c1
In base 16, what is 13b7 - 143?
1274
In base 11, what is -226855 - -5?
-226850
In base 2, what is -100 + -1100011010000?
-1100011010100
In base 5, what is -14 - 203130?
-203144
In base 12, what is -59bb05 - -3?
-59bb02
In base 12, what is 0 - -132a?
132a
In base 5, what is -3320300 - 2?
-3320302
In base 12, what is -652 - b43?
-1595
In base 4, what is 1232 + 32123?
100021
In base 3, what is 202200101 + 20?
202200121
In base 8, what is 2 + 2572722?
2572724
In base 16, what is 2 - -a47c?
a47e
In base 3, what is 0 - 2201102122?
-2201102122
In base 14, what is -b983 + -d?
-b992
In base 9, what is -2 - 154740?
-154742
In base 10, what is 52881 - 0?
52881
In base 14, what is -40a8 + -117?
-41c1
In base 14, what is 1b - -6cca?
6d07
In base 2, what is 1001000 + 111110?
10000110
In base 10, what is 294 - -61?
355
In base 6, what is 3025 + -4501?
-1432
In base 3, what is 122111010 - -12?
122111022
In base 12, what is 1 + -6852?
-6851
In base 6, what is 4 - 23001403?
-23001355
In base 6, what is -4 + -31051?
-31055
In base 13, what is 4 - -9688?
968c
In base 9, what is -346 - -167?
-168
In base 7, what is 111 + -1156?
-1045
In base 9, what is 5 + -37862?
-37856
In base 11, what is 790a + 62?
7971
In base 6, what is -1135 + -1041?
-2220
In base 16, what is -1d3b + 4?
-1d37
In base 12, what is -3a334 + -4?
-3a338
In base 7, what is 14 + -2263312?
-2263265
In base 13, what is 74434c - 2?
74434a
In base 4, what is 10 - 22020313?
-22020303
In base 2, what is 10000000100101 + -100?
10000000100001
In base 15, what is -18 + d51?
d38
In base 14, what is -185c84 + 1?
-185c83
In base 8, what is 7057 + 17?
7076
In base 5, what is -10 + -4044?
-4104
In base 11, what is 4 + 264727?
264730
In base 4, what is 11203 + 1032?
12301
In base 11, what is 23 - -99485?
994a8
In base 6, what is -25 + 502452?
502423
In base 11, what is -5 + 635a?
6355
In base 7, what is 5264164 + 0?
5264164
In base 9, what is -600 + -188?
-788
In base 12, what is -b87 - -39?
-b4a
In base 15, what is c9e3 + -1?
c9e2
In base 10, what is -26 - -44549?
44523
In base 4, what is 3023 + 13203?
22232
In base 4, what is 221030 + 1032?
222122
In base 9, what is -4 - 48568?
-48573
In base 12, what is 146 + 1751?
1897
In base 4, what is 112322 + 131?
113113
In base 15, what is -7d - -3442?
33b4
In base 4, what is 31320 + 1210?
33130
In base 11, what is -93 - 110?
-1a3
In base 10, what is -6 + 895?
889
In base 11, what is -9 - 4971?
-497a
In base 10, what is -10 - 234074?
-234084
In base 5, what is 4322112 - -20?
4322132
In base 4, what is -1020332203 - 2?
-1020332211
In base 2, what is 110011001 + -110000111101?
-101010100100
In base 6, what is -44245 + -34?
-44323
In base 2, what is -101 - 10001011110110?
-10001011111011
In base 5, what is 24042 - -1040?
30132
In base 8, what is -2 - -16102?
16100
In base 5, what is 141 + -331?
-140
In base 16, what is cdfa4 + 2?
cdfa6
In base 14, what is -1ba63 - 8?
-1ba6b
In base 15, what is -92100a - -5?
-921005
In base 16, what is fe71 - 3f?
fe32
In base 3, what is -201122 + -20211?
-222110
In base 16, what is 0 + -2ab4?
-2ab4
In base 9, what is -2 - 11061?
-11063
In base 16, what is 3 + 16652?
16655
In base 3, what is 20 + 10010210102?
10010210122
In base 12, what is 4 + 665?
669
In base 5, what is -1100332 - 20?
-1100402
In base 10, what is -1 + -3348?
-3349
In base 14, what is -25 - 208?
-22d
In base 15, what is -e - 705d5?
-705e4
In base 2, what is 10000111 + -110101110111101?
-110101100110110
In base 9, what is -7804 - -18?
-7775
In base 8, what is -5 + 4362?
4355
In base 12, what is -4 - -62b0ab?
62b0a7
In base 5, what is 33033023 + 2?
33033030
In base 3, what is -10 + 21021210?
21021200
In base 6, what is 4 + -35004210?
-35004202
In base 9, what is 2232 - -35?
2267
In base 10, what is 472 - 3?
469
In base 11, what is 3a26 - 652?
3384
In base 7, what is -40546 + 16?
-40530
In base 15, what is 54 - -16d6?
173a
In base 9, what is 1761 + -60?
1701
In base 14, what is -2a47c6 + 5?
-2a47c1
In base 13, what is -3515 + 2?
-3513
In base 15, what is -375 - -30?
-345
In base 10, what is -2250 - 0?
-2250
In base 15, what is 4004 - 6?
3eed
In base 5, what is 112013 + -31?
111432
In base 3, what is -102 + -102220020?
-102220122
In base 6, what is -4 - -22441200?
22441152
In base 12, what is 5 - -1439?
1442
In base 10, what is 1 + -3483?
-3482
In base 10, what is -5926 + 1?
-5925
In base 10, what is -557 + -34?
-591
In base 11, what is -275255 + 0?
-275255
In base 10, what is -17 + 10222?
10205
In base 6, what is 52002 + -2?
52000
In base 8, what is -15472414 + 4?
-15472410
In base 11, what is -18 + 30?
13
In base 5, what is -1022 - 133202?
-134224
In base 11, what is -5 + 22791?
22787
In base 16, what is -8cc - 108?
-9d4
In base 7, what is 31 + 3422?
3453
In base 4, what is -313300 + 31?
-313203
In base 9, what is -38 - -21227?
21178
In base 6, what is 10433512 - -2?
10433514
In base 2, what is -11 + -1011110011?
-1011110110
In base 9, what is -2 + 677130?
677127
In base 8, what is -12 - 65575?
-65607
In base 2, what is -111010 + -100101101111?
-100110101001
In base 13, what is -2 - 11bc4?
-11bc6
In base 5, what is -102304131 - -3?
-102304123
In base 2, what is -110000010100 + 11010?
-101111111010
In base 4, what is 32 - -32333?
33031
In base 15, what is -5 + -22207?
-2220c
In base 14, what is 0 - -632b?
632b
In base 3, what is -112110000 + 110?
-112102120
In base 13, what is -7053 + 14?
-703c
In base 5, what is 4 + 24030?
24034
In base 4, what is -233 + -33131?
-100030
In base 7, what is -1111 + 30561?
26450
In base 6, what is -55 - 404440?
-404535
In base 4, what is 30 + 11031122?
11031212
In base 16, what is 9 - 2fc?
-2f3
In base 8, what is -22 + -23761?
-24003
In base 15, what is -d3 - -1998?
18b5
In base 11, what is -1098 + 854?
-344
In base 16, what is 537 + -7f?
4b8
In base 8, what is 1367 + 122?
1511
In base 5, what is -21 - 4024000?
-4024021
In base 6, what is 4543 + 200?
5143
In base 4, what is -2210 + 10222012?
10213202
In base 8, what is 3 - 30076?
-30073
In base 2, what is -101010111000111 - -1111?
-101010110111000
In base 9, what is 6 + 146404?
146411
In base 9, what is 76 - -120?
206
In base 15, what is 14 - -b276?
b28a
In base 8, what is 1644 - 1622?
22
In base 10, what is 11001 - 32?
10969
In base 14, what is 86784 + -5?
8677d
In base 11, what is 2 - -a47?
a49
In base 6, what is 1542 + 14?
2000
In base 3, what is -10 + -1010012002110?
-1010012002120
In base 7, what is 12 + 3565016?
3565031
In base 8, what is 1354 - 111?
1243
In base 3, what is 11201 - 210101221?
-210020020
In base 8, what is -5 + -330346?
-330353
In base 8, what is -237605 - 2?
-237607
In base 11, what is -32 + 443?
411
In base 2, what is -100 + -1101110011011100010?
-1101110011011100110
In base 15, what is -e3d92 + 0?
-e3d92
In base 10, what is 404 + -132?
272
In base 6, what is 4113 + -30?
4043
In base 6, what is -42403 - 4?
-42411
In base 3, what is 202212 - 11?
202201
In base 5, what is -11 + -4103434?
-4104000
In base 9, what is 1 - -6600?
6601
In base 5, what is 240 - 1333?
-1043
In base 16, what is 216232 - -5?
216237
In base 14, what is -12c5 + -c?
-12d3
In base 16, what is -4e + 134?
e6
In base 11, what is -38199 + 17?
-38182
In base 3, what is 200 + -101211222?
-101211022
In base 2, what is -101 - -111010100010?
111010011101
In base 12, what is -83 - -223?
160
In base 2, what is 10111100000 + 11011?
10111111011
In base 10, what is -3193 + 839?
-2354
In base 12, what is 0 - -5bbb?
5bbb
In base 10, what is 5 - 15124?
-15119
In base 6, what is -11 - -430540?
430525
In base 5, what is -1333220 + -2?
